-10330
In base 16, what is 61 + -4?
5d
In base 11, what is 236 + 32?
268
In base 15, what is -4 + -c?
-11
In base 11, what is 63a + 0?
63a
In base 12, what is -74 + 13?
-61
In base 4, what is 121 + 131?
312
In base 16, what is -7b - -4?
-77
In base 16, what is 113 + -1d?
f6
In base 12, what is -3 - -117?
114
In base 2, what is -1001110 - -100111?
-100111
In base 4, what is 23 + -113313?
-113230
In base 15, what is -12 + -20?
-32
In base 14, what is -17b5 + -1?
-17b6
In base 7, what is -1052 + 0?
-1052
In base 15, what is -2 + -c3?
-c5
In base 3, what is 1200 + 11100?
20000
In base 15, what is 4 + -d8?
-d4
In base 7, what is 130 - -20?
150
In base 4, what is -10 + -1133?
-1203
In base 12, what is -4 + 724?
720
In base 14, what is -5 + 51?
4a
In base 2, what is -1100 + -1011011?
-1100111
In base 3, what is -122 + 12120?
11221
In base 13, what is 41 - -61?
a2
In base 10, what is -14 - 304?
-318
In base 9, what is -6 + 40?
33
In base 2, what is -11110 - 11111010?
-100011000
In base 13, what is 1144 - 4?
1140
In base 9, what is -18 + -6?
-25
In base 3, what is 1 - -212001?
212002
In base 5, what is -3040 + -4?
-3044
In base 7, what is -120 + -40?
-160
In base 7, what is 11 + 212?
223
In base 3, what is 102202 - 2?
102200
In base 2, what is 1101000011110 + -10?
1101000011100
In base 15, what is -5e + 10?
-4e
In base 10, what is -27 - 38?
-65
In base 4, what is -3321 + 130?
-3131
In base 10, what is -136 - -40?
-96
In base 4, what is 2 + -231?
-223
In base 2, what is 110001001 + -11?
110000110
In base 8, what is -1741 + 10?
-1731
In base 9, what is 73 + 0?
73
In base 6, what is -125 + 51?
-34
In base 9, what is -5 - 1652?
-1657
In base 10, what is -1 + 185?
184
In base 12, what is -49 + -20?
-69
In base 16, what is -1 + 9b?
9a
In base 14, what is dc - -48?
146
In base 7, what is -165514 - 0?
-165514
In base 4, what is -232 - 1222?
-2120
In base 15, what is 2 + 712?
714
In base 6, what is 45354 + 0?
45354
In base 13, what is -44 - -1c?
-25
In base 13, what is 0 + -7b?
-7b
In base 14, what is -8 - 4db?
-505
In base 12, what is -26 + -51?
-77
In base 14, what is -a51 + -3?
-a54
In base 3, what is 0 - -10010010?
10010010
In base 8, what is 72 + -414?
-322
In base 16, what is 1f + a?
29
In base 16, what is 44 + -10d?
-c9
In base 13, what is -58c - -5?
-587
In base 12, what is -17 - -3?
-14
In base 9, what is 3 - -20?
23
In base 14, what is 41c - 5?
417
In base 15, what is 0 + 13e?
13e
In base 8, what is -47 - -5?
-42
In base 2, what is -10011 - -1000111101?
1000101010
In base 9, what is -1 - -23?
22
In base 3, what is -110001 + 12?
-102212
In base 5, what is -1 - -331?
330
In base 10, what is 121 - 25?
96
In base 11, what is 772 - -1?
773
In base 8, what is -154 - 7?
-163
In base 13, what is -4689 - 0?
-4689
In base 8, what is 4 - 324?
-320
In base 4, what is 11 + 103?
120
In base 12, what is 6 + 3?
9
In base 16, what is -5 - 80f?
-814
In base 3, what is -111221 - 10?
-112001
In base 5, what is -333 + 21?
-312
In base 11, what is -40 - 3?
-43
In base 15, what is 2d - 1c5?
-197
In base 15, what is -e + 1c?
d
In base 2, what is -11 + -11011111110?
-11100000001
In base 4, what is 1 + -23?
-22
In base 13, what is -4 - -33?
2c
In base 4, what is 10 - -1211?
1221
In base 11, what is -257 - 2?
-259
In base 13, what is 2 - -3?
5
In base 3, what is 101 + 12100?
12201
In base 12, what is -44 + -21?
-65
In base 11, what is 2 + 181a?
1821
In base 16, what is -4 + -184?
-188
In base 12, what is -3a + -5?
-43
In base 2, what is 10 - -1010110110?
1010111000
In base 10, what is 237 + 3?
240
In base 4, what is -1103 + 2?
-1101
In base 4, what is -1 - -2020?
2013
In base 15, what is -5 - e83?
-e88
In base 16, what is -65d + 7?
-656
In base 4, what is -100 - -33?
-1
In base 2, what is 11011 + -100?
10111
In base 10, what is -20 + 4?
-16
In base 4, what is 10 + -1013012?
-1013002
In base 10, what is -621 - -3?
-618
In base 5, what is 3 + 241031?
241034
In base 12, what is -34 - -43?
b
In base 16, what is e - -44b?
459
In base 9, what is 2 - 4?
-2
In base 14, what is 3 - -1d4?
1d7
In base 13, what is 11 + 3a?
4b
In base 10, what is -424 + -4?
-428
In base 8, what is -30 - -256?
226
In base 8, what is -4 + 267?
263
In base 10, what is -20 + 21?
1
In base 14, what is 1 - -19b5?
19b6
In base 14, what is 2b5 + -3?
2b2
In base 2, what is 11 - 111000101001?
-111000100110
In base 8, what is -2 - -4605?
4603
In base 6, what is 10243 + -3?
10240
In base 15, what is 3 - -1631?
1634
In base 9, what is 1608 + 5?
1614
In base 4, what is 0 + -10013?
-10013
In base 4, what is -10 + 130?
120
In base 12, what is -3b - 4?
-43
In base 2, what is -101 + 100101000?
100100011
In base 14, what is 33 - -4?
37
In base 16, what is -12 + -4e?
-60
In base 11, what is 12a - 0?
12a
In base 12, what is 781 - -2?
783
In base 9, what is -21128 - 1?
-21130
In base 7, what is -345 + 4?
-341
In base 16, what is -6 - 5ec?
-5f2
In base 15, what is -2b90 - -1?
-2b8e
In base 11, what is -17 - -9?
-9
In base 16, what is -4a - -15?
-35
In base 15, what is 5 - a?
-5
In base 13, what is -5 + 13?
b
In base 4, what is 21230 + 11?
21301
In base 2, what is -111110110111 + 0?
-111110110111
In base 7, what is -126 + 154?
25
In base 4, what is 3102 + 2?
3110
In base 16, what is -19b - 0?
-19b
In base 12, what is 8931 + -1?
8930
In base 12, what is -208 - 0?
-208
In base 10, what is 19 + 233?
252
In base 10, what is -1 - -286?
285
In base 15, what is 1 - c7d?
-c7c
In base 5, what is 102 - -1204?
1311
In base 10, what is -1 + -5?
-6
In base 15, what is 7b3 - 0?
7b3
In base 8, what is -4327 - -2?
-4325
In base 4, what is 123 - 2?
121
In base 3, what is 100012 + 11?
100100
In base 4, what is -22 - -32?
10
In base 4, what is 130331 + -3?
130322
In base 5, what is -2 - -22204?
22202
In base 9, what is 44 - -430?
474
In base 5, what is -20 - -203?
133
In base 2, what is 11101 - -1010101?
1110010
In base 11, what is 7a3 + -1?
7a2
In base 6, what is 3200 + 4?
3204
In base 10, what is 2730 + 1?
2731
In base 8, what is 0 + -24?
-24
In base 8, what is 3 - 6740?
-6735
In base 9, what is -230 - 1?
-231
In base 13, what is 7 + -83?
-79
In base 12, what is 3145 - 5?
3140
In base 10, what is 7 + 126?
133
In base 6, what is -3 - -20221?
20214
In base 11, what is -1311 + 0?
-1311
In base 7, what is -10514 - 2?
-10516
In base 7, what is 1 - 1560?
-1556
In base 9, what is 28 - -1?
30
In base 14, what is -2 - 3c0?
-3c2
In base 9, what is -4 - 330?
-334
In base 12, what is 2 - 8?
-6
In base 4, what is 1 - 22?
-21
In base 12, what is 253 + -9a?
175
In base 5, what is 30 - 121?
-41
In base 11, what is 2 + 48a2?
48a4
In base 4, what is -20103 + 0?
-20103
In base 16, what is -56 + 3?
-53
In base 15, what is -7 + -8?
-10
In base 7, what is 1 - -656?
660
In base 4, what is 3 - -10033?
10102
In base 8, what is -11 - -2127?
2116
In base 8, what is -3 - 4413?
-4416
In base 10, what is 9 - 344?
-335
In base 12, what is 23a9 + 5?
23b2
In base 2, what is -10100011 + -100011?
-11000110
In base 14, what is -28 + 10?
-18
In base 7, what is 1103 + -4?
1066
In base 13, what is 67 - 0?
67
In base 16, what is 371 - -5?
376
In base 12, what is -75 + -3?
-78
In base 14, what is 0 - -2b6?
2b6
In base 8, what is 2602 - -1?
2603
In base 4, what is -2 - 30121?
-30123
In base 6, what is 54420 - 5?
54411
In base 12, what is 3 - -11?
14
In base 8, what is -7 + 607?
600
In base 9, what is -242 + 1?
-241
In base 12, what is -119b + 0?
-119b
In base 15, what is -2a - 1b?
-46
In base 9, what is 87 + -21?
66
In base 6, what is 4 + -401?
-353
In base 15, what is 3 + 75?
78
In base 4, what is 20122 - 31?
20031
In base 11, what is 88 - 4?
84
In base 7, what is 40 + 36?
106
In base 7, what is -1220 + 30?
-1160
In base 5, what is 3001 - 22?
2424
In base 15, what is 4d - -3?
51
In base 11, what is -3 - 21?
-24
In base 8, what is -6 - 26?
-34
In base 12, what is 21 - -221?
242
In base 15, what is 1 + 19?
1a
In base 14, what is 234 + -7?
22b
In base 14, what is -4 - 467?
-46b
In base 15, what is -65 - -3?
-62
In base 2, what is -110001100 + 10001?
-101111011
In base 12, what is 41 + -228?
-1a7
In base 4, what is -1120 - 23?
-1203
In base 6, what is 1 + -51242?
-51241
In base 9, what is 1277 + -8?
1268
In base 14, what is -576 + -1?
-577
In base 3, what is -12 + 2220?
2201
In base 7, 